2 + 7 - 6*w**2 + 3*w**3 + w. Let l be g(4). Let z = l + -35. What is the units digit of z?
6
Let z(l) = -108*l + 59. What is the hundreds digit of z(-6)?
7
What is the units digit of 2*2*(-5 + 56460/80)?
3
Let g(c) = -c**2 + 3. Let b be g(4). Let j(u) be the first derivative of -u**2/2 - 6*u - 43. What is the units digit of j(b)?
7
Let y = 5 - 3. Let w(r) = -6 - 4*r**2 - 6 + 6*r**y - r**2 - 6*r. What is the tens digit of w(10)?
2
Let w(d) = d**3 + 7*d**2 - 19*d - 35. What is the tens digit of w(-8)?
5
What is the units digit of (-42)/(-231) + (-2704)/(-11)?
6
Let y(k) = 70*k**2 + 53*k - 285. What is the tens digit of y(6)?
5
Suppose l = -l - 90. Let c = l + 104. What is the tens digit of c?
5
Suppose s - 7 = -3*b, 2*b = s + 2*s + 1. Let y be s*-3*16/(-24). Suppose 5*p - y*w = 24, 5*p + 5*w - 2*w = 39. What is the units digit of p?
6
Let j = 25 + -21. Suppose 5*a - j*k - 291 = -0*k, -4*a - 2*k + 212 = 0. What is the tens digit of a?
5
Let l(j) = -j**3 + 7*j**2 - 4*j + 4. Let w(d) = d**3 - 16*d**2 + 6. Let f be w(16). Let u = f + -1. What is the units digit of l(u)?
4
Suppose -3*r - 2 = -5*r. Let a = 21 - r. What is the units digit of a?
0
Let s be (-4)/16*-4 - 1. Suppose 6*g + s*g - 468 = 0. What is the units digit of g?
8
Suppose 0 = 5*p - 2*d - 5295 - 2333, 7608 = 5*p + 3*d. What is the tens digit of p?
2
Suppose -n - 5 = 0, s + 0*s = 2*n + 10. Suppose 1 = 5*f + 2*p - 24, -p + 20 = 5*f. Suppose 3*w + 44 = a, s = f*a + 2*w - w - 112. What is the tens digit of a?
3
Suppose 2*i + 11*c - 2489 = 6*c, -3*i = 5*c - 3726. What is the thousands digit of i?
1
Let i(x) = -3*x - 10. Let q be i(-10). What is the units digit of (236/(-10))/((-4)/q)?
8
Let n = 26 - 39. Let v(q) be the second derivative of q**5/20 + 13*q**4/12 - q**3/3 - 8*q**2 - 43*q. What is the units digit of v(n)?
0
Let j(f) = -5*f - 1. Let x be j(-3). Suppose -285 = -x*b + 11*b. What is the tens digit of b?
9
Let p(w) = -w + 20. Let z be p(13). Let k(i) = i**2 + 10*i - 7. Let q be k(z). Suppose -4*o + 36 = -q. What is the tens digit of o?
3
Let b(c) = c**3 - 5*c**2 - 4*c. Suppose -14*g + 19*g = 30. What is the tens digit of b(g)?
1
Suppose 4*q + 25 = -d, 2*q - 24 = 4*d - q. What is the tens digit of 65*(-1 - d)/4?
3
Let j(s) = -29*s**3 + 7*s + 3. What is the hundreds digit of j(-3)?
7
Let n be -1 + (-8)/(-4) - 26. Let j be 2/5 - 590/n. Suppose -2*o + j = 2*o. What is the units digit of o?
6
Suppose 444 = 4*g - 36. Suppose 5*n - 5*j = g, 5*j + 74 - 17 = 2*n. Suppose -n - 65 = -2*o. What is the tens digit of o?
4
Let f = 50 + -47. Suppose 5*t - 4*r - 463 = 454, -t = f*r - 191. What is the hundreds digit of t?
1
Suppose 0 = 4*d + 3*k - 215, -3*k - 101 = -4*d + 132. What is the tens digit of d?
5
Let j(u) = -u**2 - 6*u + 4. Let n be j(-6). Suppose -2*g - 3*q - 106 = -290, n*q = 3*g - 276. What is the units digit of g?
2
Let d = -16 - -33. Suppose -3*u + 2*a + d = 0, -u = -0*u + 3*a - 2. Suppose -o + 6 = -u. What is the units digit of o?
1
Let n = -8 + 13. Suppose 6*a - 154 = -n*a. What is the tens digit of a?
1
Suppose -5*w - 450 = -4*s, 3*s - 369 = -5*w - 14. Let j = s + -33. What is the tens digit of j?
8
Suppose 1754 + 5302 = 8*p. What is the hundreds digit of p?
8
Let s = 58 + -54. Suppose -y - 176 = -4*y + p, -s*p = 2*y - 136. What is the tens digit of y?
6
Let w(a) = -a**3 + 30*a**2 + 70*a + 36. What is the units digit of w(32)?
8
Let z be 8/52 + (-3388)/52. What is the units digit of ((-351)/z)/((-3)/(-10))?
8
Let q be 1/(-3) + (-88)/33 - -53. Let z = -33 - -4. Let c = z + q. What is the units digit of c?
1
Suppose 2*f - 4*f = -5*r - 173, 5*r + 4*f = -179. Let b = r - -269. What is the tens digit of b?
3
What is the tens digit of (9 - 8)/(2/1730)?
6
Let v = 16 + 51. Suppose -j = -8 - 50. Suppose 5*s - j - v = 0. What is the units digit of s?
5
Let w(m) = -m**3 + 6*m**2 + m - 3. Let v be w(6). Suppose 2*f - 9 = v*f. What is the units digit of (-392)/(-12) + (-3)/f?
3
Let i(l) = 9*l**2 + 17*l - 63. What is the hundreds digit of i(13)?
6
Let m be 48/(-36)*183/(-2). Let p = m + -43. What is the tens digit of p?
7
Let t(g) = -g**2 - 10*g + 27. Let q be t(-12). Let l(n) = 10*n**2 - 11. What is the tens digit of l(q)?
7
Suppose 3*n = -4*b + 15388 - 2409, n - 12969 = -4*b. What is the tens digit of b?
4
Let u = -2021 - -2220. What is the units digit of u?
9
Let k = 681 - 338. What is the units digit of k?
3
Let s = 2935 + -2110. What is the tens digit of s?
2
Let s(g) = -g**3 - 17*g**2 - 31*g + 41. What is the tens digit of s(-19)?
5
Let f(r) = -3*r**3 - 86*r**2 - 38*r - 1. What is the thousands digit of f(-29)?
1
Let g be (-78)/3 - (-3 + 3 + -2). Let i = g + 81. What is the units digit of i?
7
Let i = 352 - 321. What is the tens digit of i?
3
What is the tens digit of ((-36)/10 - -2)/((-67)/36515)?
7
Let p(y) = 175 - 15*y - 78 - 46. What is the hundreds digit of p(-10)?
2
Suppose -5*p = 20 - 105. Suppose -3*n = 5*v - 27, -p = -3*v - 0*v - n. Suppose -f + v = 4. What is the units digit of f?
2
Let v(t) = 2*t**2 - t - 2 - 5*t**2 - 5*t**2. Let i be v(2). Let j = -17 - i. What is the units digit of j?
9
Suppose -2*a + 5 = -o, 0 = 3*a - 8*a + 2*o + 12. Suppose a*n + 20 = 5*h - 0*n, 0 = -n - 5. Let b = h - -17. What is the units digit of b?
9
Suppose 5*d - 5511 = -701*c + 699*c, -5*c - 2*d + 13725 = 0. What is the thousands digit of c?
2
Suppose 2*t - t = 4. Suppose -3*h + t*h = -16. Let x = 26 + h. What is the units digit of x?
0
Suppose -4*m - 5*u + 5780 = m, 0 = 4*m - 3*u - 4617. What is the units digit of m?
5
Let j = -7 - -7. Suppose j = 4*z - 0*z. Suppose z = 4*d + 2*q - 158, -3*d + 5*q - 173 = -7*d. What is the tens digit of d?
3
Let f be (12/(-18))/(6/(-45)). Let o = -21 - f. Let t = o - -79. What is the units digit of t?
3
Suppose -m = 28 + 8. What is the units digit of -95*(m/(-10) + -4)?
8
Suppose 29 = -l - 3*b, 48 = -2*l - 2*b + b. Let f = l - -21. What is the tens digit of 3/f*2 + 52?
4
Let x = 1519 - -1160. What is the thousands digit of x?
2
Let s(j) = 7*j**2 + 0 + 2 - 3. Let m be s(-1). What is the tens digit of (-2)/6 + 110/m?
1
Suppose -3*c = 22 - 1. What is the tens digit of (1 + 139 - -2) + 4 + c?
3
Suppose -35*c = -39*c + 16. Suppose 0 = -2*z - 2*z. Suppose z*r - 36 = -c*r. What is the units digit of r?
9
Let r be (-1 + 2 - 3) + 1. What is the units digit of -7*-2*r/(-2)?
7
Let p = 32 + -11. What is the hundreds digit of 0 + 216 - (-20 + p)?
2
Let u = 8661 - 5169. What is the hundreds digit of u?
4
Let q(d) = 7*d + 31. Let c be q(7). Let m = c + -40. What is the units digit of m?
0
Suppose 2*t + 525 = 5*b, -3*b = -2*b - 5*t - 105. Suppose -5*l = -3*r - 14, 7*r = 2*r + l + 6. Suppose -r*s = -7*s + b. What is the tens digit of s?
2
What is the tens digit of (2 - -325)/((-2)/(-4))?
5
Let k(c) = 4*c**2 + 83*c + 71. What is the hundreds digit of k(-38)?
6
Let i be (2 - (-1 - 0)) + 2. Suppose -i*z + 8*z = -69. Let q = z + 40. What is the units digit of q?
7
Suppose 0 = 4*n + 3*t - 11307, -5*t = -3*n - 1059 + 9503. What is the hundreds digit of n?
8
Let s be (-3 - -6)/1 - -2. Let h(u) = -u**3 + 5*u**2 - 2*u - 5. Let o be h(s). Let b = o - -32. What is the units digit of b?
7
What is the units digit of (-2)/(-5) + (-9708)/180*-21?
3
Let h = -821 + 3572. Suppose h = 11*k + 199. What is the tens digit of k?
3
Let j(c) = -109*c + 47. Let f be j(-7). Suppose 23*z = 32*z - f. What is the units digit of z?
0
Let h = -73 - -93. Suppose -31 = o - 139. Suppose o = -0*y + 3*y - 4*b, -h = -y - 4*b. What is the units digit of y?
2
Suppose 93*w - 2951 = -3*u + 92*w, -2*u + 3*w = -1960. What is the tens digit of u?
8
Let j(n) be the first derivative of -19*n**2/2 - 5*n + 12. What is the tens digit of j(-5)?
9
Let y be 2/(-2) + 120/(-4). Let o = 21 + y. Let j = o - -16. What is the units digit of j?
6
Let b(i) = 288*i + 1177. What is the hundreds digit of b(14)?
2
Let t be (-2)/4 - 180/8. Let l be (-2)/6 + (-44)/12. Let o = l - t. What is the tens digit of o?
1
Let c(q) = q**2 + 2*q - 5. Let p(o) = -37 + 11*o - o**2 + 9*o**2 + 11 - 3*o**2. Let a(t) = -11*c(t) + 2*p(t). What is the units digit of a(0)?
3
Let t(x) = x**3 + 11*x**2 - 13*x + 6. Suppose 3*n + 3*k = -30, -4*k + 68 = -4*n - n. Let m be t(n). Suppose 8 = h - m. What is the units digit of h?
6
Suppose x = -4*x. Let z(m) = x + 8 + m - 4